e the third derivative of s**5/60 - 7*s**4/24 - s**3 + 18*s**2. Let l be u(5). Calculate the remainder when (604/l + 1)*-4 is divided by 37.
36
Suppose 2*u = 2*c - 30, 35*u = 5*c + 31*u - 80. What is the remainder when 6492 is divided by c?
12
Suppose -62 = -x + 2*f, -5*x - f + 201 = -142. What is the remainder when 214 is divided by x?
10
Suppose -2*i = -13*i + 88. Suppose 4*c - i = k - 2*k, -2*k + 13 = 5*c. Let d = k + 3. Calculate the remainder when 12 is divided by d.
5
Suppose -5*d = -79 - 246. Let v = -48 + 12. Let r = -19 - v. Calculate the remainder when d is divided by r.
14
Let w = -3 - -3. Suppose 27*j + 42 - 258 = w. What is the remainder when 41 is divided by j?
1
Suppose 2*s - 665 = -5*i, -2*i - s + 266 = -0*s. Let n = i + -81. Calculate the remainder when 61 is divided by n.
9
Suppose -20 = 5*p, -2*p - 86 - 92 = -2*f. Calculate the remainder when 406 is divided by f.
66
Suppose -3 = q, v = 4*q + 79 - 53. Calculate the remainder when 1437 is divided by v.
9
Suppose 3*o + 4*z = 57, o - 2*z = -2*o + 39. Suppose -23*i - 116 = -35*i - 17*i. What is the remainder when o is divided by i?
3
Suppose -6 = -3*b, -3*p + 13 = 4*b - 4. Suppose -p*h - 5*t = -65, -4*t + 42 = 2*h - t. What is the remainder when 89 is divided by h?
14
Suppose 159 = 2*f - 3*m - 277, f = 2*m + 218. Suppose 12944*k - 2039 = 12916*k - 219. Calculate the remainder when f is divided by k.
23
Let k be (-7 + 20/6)/(3/18). Calculate the remainder when k/((1 + -2)/2) is divided by 9.
8
Let k(z) = -16*z + 509*z**3 - 1024*z**3 + 514*z**3 + 10*z**2 + 16. Calculate the remainder when 25 is divided by k(8).
9
Let b be 681/2 + (-2)/4. Let k = -296 + b. What is the remainder when 157 is divided by k?
25
Calculate the remainder when 4087 is divided by (0 - (-42)/(-5))/(267/(-890)).
27
Let m(h) = h**2 - 15*h + 2. Let v be m(15). Suppose -v*b = g - 72, 0 = -3*b - 2*b + 25. What is the remainder when g is divided by 11?
7
Let v(c) = c**2 - 49*c + 31. Let h be v(51). Suppose -13*b = 6*b - h. Calculate the remainder when 46 is divided by b.
4
Let u(v) = 6*v + 251. Let o be u(-42). Suppose -9 = t + 3*t - n, 3*t + 15 = -2*n. What is the remainder when 63 is divided by 32 + o/(t + 2)?
30
Let k = -6495 + 6503. What is the remainder when 2687 is divided by k?
7
Let o = 3543 + -3511. What is the remainder when 1503 is divided by o?
31
Suppose 0 = 617*v - 610*v - 8757. Suppose 22*a - v = -305. What is the remainder when 66 is divided by a?
23
Suppose 0 = z - 4*o - 34 - 5, -3*o = z - 32. Suppose 0 = 22*b - z*b + 6513. What is the remainder when b is divided by 42?
39
Let x(g) = 9*g**2 - 4*g + 9. Let s be x(2). Let y = 8 + s. What is the remainder when y is divided by 12?
9
Let f = 1537 + -1390. Calculate the remainder when f is divided by 104.
43
Let s = -157 + 159. What is the remainder when (877 + s)*21/63 is divided by 37?
34
Suppose -40*w = -1650 - 390. Calculate the remainder when 501 is divided by w.
42
Suppose -225 = -13*q + 74. Suppose 133 = 11*c + 1. What is the remainder when q is divided by c?
11
Suppose 39 = 12*r + 15. Suppose h + 34 = r*j, 2*j - j + 2*h - 27 = 0. What is the remainder when 150 is divided by j?
17
Suppose 45*r + 0*r - 30484 = 45791. What is the remainder when r is divided by 53?
52
Let o = -531 + 543. Calculate the remainder when 100 is divided by (o/(-9))/((-16)/132).
1
Let h be (-9)/((-4)/8*6). Suppose -v - 7 = 2*o + 169, 102 = -o + h*v. Calculate the remainder when 97 is divided by (8/(-3))/(12/o).
17
Let h = 1664 + -2450. Let m = 1434 + h. Calculate the remainder when m is divided by 93.
90
Suppose 2*o = -2*c + 382, 17 - 16 = o. What is the remainder when c is divided by 39?
34
Let k(t) = t**2 - 28*t + 47. Let j be k(27). Let v be 808/j - 6/15. Suppose -3*h + 2*h + v = 0. What is the remainder when h is divided by 7?
5
What is the remainder when 190 is divided by ((-16)/14)/(208/(-728))?
2
Let w = 605 - 599. What is the remainder when 135 is divided by 40 + (w/(-4))/(40/80)?
24
Let a = -177 + 223. Suppose -2*v - 25*g + 186 = -21*g, 5*v = 4*g + 423. Calculate the remainder when v is divided by a.
41
Let h = -772 - -777. Suppose -7*d - h = -222. Calculate the remainder when 146 is divided by d.
22
Let m(w) = 290*w - 277. What is the remainder when 458 is divided by m(1)?
3
Let m = -325 - -321. What is the remainder when 64 is divided by (2/m)/((-39)/1014)?
12
Let b(r) = -r + 45. Let f(a) = -9. Let y(v) = 2*b(v) + 11*f(v). Calculate the remainder when 115 is divided by y(-13).
13
Let c(y) = -y - 2. Let m(h) = 4*h - 89. Let f(r) = -2*c(r) - m(r). Let b = 105 + -61. Calculate the remainder when b is divided by f(38).
10
Let x(o) = o**3 + 9*o**2 + o + 14. Let l be x(-9). Let v(p) = -4*p + 36. Let s(q) = q**2 - 7*q - 2. Calculate the remainder when v(l) is divided by s(8).
4
Let p(f) = f**2 + 2*f + 9. Let s(x) be the first derivative of 3*x**2/2 - 20*x + 10. Let o be s(8). What is the remainder when p(o) is divided by 6?
3
Suppose 0 = 4*s + 3 - 31. Suppose 37*o - 10050 = s*o. What is the remainder when o is divided by 28?
27
Let z(s) = -s + 2. Suppose 219*p - 214*p = 105. Calculate the remainder when -4 + 20 - 7/(p/(-6)) is divided by z(-5).
4
Let d(m) = -m**2 - 7*m + 32. What is the remainder when 169 is divided by d(3)?
1
Let j(q) = 13*q**2 + 4*q + 11. Let m be j(-2). Suppose 0 = -53*b + m*b - 94. What is the remainder when 327 is divided by b?
45
Let b = 16229 + -16087. What is the remainder when 549 is divided by b?
123
Let m = -206 - -247. What is the remainder when 777 is divided by m?
39
Let n be -35*1*4/4. Let j = 53 + n. What is the remainder when 194 is divided by j?
14
Suppose -4*a = 2*u - 20, 29*a - 27*a - 2*u = 16. Suppose 879 = a*r - 639. What is the remainder when r is divided by 43?
38
What is the remainder when 294 is divided by 36/11*(-275)/(-10)?
24
Let g(j) = -1604*j - 2130. Calculate the remainder when g(-3) is divided by 15.
12
Let z(b) = -b**3 - 16*b**2 - 3*b - 39. Let c(a) = -6*a**2 + 4*a + 26. Let w be c(3). Calculate the remainder when 62 is divided by z(w).
8
Let x(k) be the first derivative of k**2/2 + 23*k - 4. Let s be x(7). Let v = -17 + s. Calculate the remainder when 25 is divided by v.
12
Suppose 0 = 305*p - 265*p - 6800. What is the remainder when 7136 is divided by p?
166
Suppose 5*t - 13*z + 11*z = 11, 0 = -3*t + 2*z + 5. Suppose 0 = 3*x + 2*n - 50, -17*x + 21*x - t*n = 78. Calculate the remainder when 26 is divided by x.
8
Let j = -55 - -86. Suppose -m + 16 = -137. What is the remainder when m is divided by j?
29
Let y(h) = -34*h - 22*h + 567 - 612 - 2*h**2. What is the remainder when y(-25) is divided by ((-6)/(-15))/(1/45)?
15
Suppose -141 = 62*c - 65*c + 225. Suppose 4 - 46 = -w - p, -4*w - 3*p = -167. Calculate the remainder when c is divided by w.
40
Suppose -316 + 141 = -16*k + 177. Calculate the remainder when 4597 is divided by k.
21
Suppose -6*k + n = -450, 0 = -4*k - n - n + 316. What is the remainder when 1593 is divided by k?
73
Let s(w) = -39*w - 13. Let x = 370 + -374. Calculate the remainder when s(x) is divided by 6.
5
Let l = 8734 - 8499. What is the remainder when l is divided by 116?
3
Let w = -2760 - -2768. What is the remainder when 18 is divided by w?
2
Suppose 151 = t - 2*s, -128*s + 125*s - 3 = 0. What is the remainder when 178 is divided by t?
29
Let y = 32 - 30. Suppose -2*w - 2*u + 27 + 29 = 0, y*w + 4*u - 50 = 0. Let s = 94 + w. Calculate the remainder when s is divided by 42.
41
Suppose 0 = -5*h - 2*q - 142, 5*h + 143 = -q - 2*q. Let z = 51 + h. Calculate the remainder when 34 is divided by 0 + 0 - (z + 4)/(-3).
7
Let a(p) = -p**2 - 160*p - 2606. Calculate the remainder when 245 is divided by a(-20).
51
Let h = -259 + 99. Let j = 249 + h. Calculate the remainder when j is divided by (-6)/(-8)*(-1 - -25).
17
Suppose 225 - 1883 - 262 = -8*t. What is the remainder when 728 is divided by t?
8
Let f(i) = 2*i**2 + 26*i - 17. What is the remainder when 81 is divided by f(-14)?
4
What is the remainder when (-125)/25 + 152/8 is divided by 14?
0
Suppose -3*q - 180 = -0*q + 3*c, 0 = -5*c. Let h = 114 + q. Let f = -182884 + 182990. Calculate the remainder when f is divided by h.
52
Let g(k) = -k**3 + 8 - 4*k**3 + 24*k + 21 - 28*k**2 + 7*k**3. What is the remainder when 10 is divided by g(13)?
1
Suppose -3*m +